- 4613. What is the thousands digit of u?
1
Let l = -80 - -137. Suppose 0 = -2*x - 3*v - 94, x + 3*v - 4*v = -l. Let m = -37 - x. What is the units digit of m?
6
Let i(w) = -w**2 - 2*w + 2. Let t be i(0). Suppose -t*o = -118 - 84. Let c = o - 61. What is the tens digit of c?
4
Let y = 8 + -7. Let a = 56 + y. What is the tens digit of a?
5
Let f = -195 - -296. What is the units digit of f?
1
Suppose -3*g - 5563 = -4*z, 0 = z + 3*z - 5*g - 5565. What is the units digit of z?
0
Suppose 4*t + u = -4*u - 39, -4*u = -2*t. Let z be 2 - t*(-8)/(-6). Let f(o) = 5*o - 15. What is the units digit of f(z)?
5
Let x = 363 - -254. Let m = -419 + x. What is the hundreds digit of m?
1
Suppose r + 0*r + 3*l = 8, 3*r = 3*l + 60. Suppose -j + 20 = -r. What is the tens digit of j?
3
Suppose 3 + 30 = 11*c. Suppose 3*r = -3*s + 264, -c*r + s = 65 - 309. What is the units digit of r?
3
Let c = 212 - 92. Let r be ((-1)/4)/((-10)/c). Suppose -64 = -r*y + 4*n + 4, -y = 5*n - 10. What is the tens digit of y?
2
Let o(s) = 3 + 13*s - 16*s**3 - 4 - 11*s**2 + 15*s**3. Let n be o(-11). Let k = -97 - n. What is the units digit of k?
7
Let w be (1 + -252)/(-1) + 1/(-1). Suppose 2*z = 2*o - w, -o - 5*z + 110 = -z. What is the hundreds digit of o?
1
Let o(z) = -z**3 - 5*z**2 + 8*z + 7. Let t = 17 - 22. Let c be o(t). Let p = -25 - c. What is the units digit of p?
8
Let q be 6/8 - 13/(-4). Suppose -2*b + 97 = q*p - 183, -4*b + p = -542. Suppose -49 - b = -5*m. What is the units digit of m?
7
Let w = 438 + -179. What is the units digit of w?
9
Let s = -759 + 478. Let n = s + 537. What is the units digit of n?
6
Suppose -4*i - q = -7838, 2*i - 5*q = -2*i + 7850. What is the units digit of i?
0
Suppose -g = g - 4*s - 4, g = -3*s - 3. Suppose g = -h - 3*h + 160. What is the tens digit of h?
4
Suppose -16*s = -19*s + 69. Let g(v) = -v**2 - v + 2. Let h be g(-3). Let p = h + s. What is the units digit of p?
9
Let a = 31 + -28. Suppose 3*v + 2*j = 5*j + 186, -192 = -a*v + j. What is the tens digit of v?
6
Let y be -2*((-2 - -1) + 936/(-12)). Suppose 3*x = w + 3*w - 213, -3*w + y = -4*x. What is the units digit of w?
4
Let j = -20 - -28. Let g be 2/j - 3/(-4). Let q(b) = 8*b + 1. What is the units digit of q(g)?
9
Let v be -1 - (-2 + -2)/1. Suppose -p + v*p - 79 = 3*t, -90 = -3*p - 5*t. Let y = 58 - p. What is the tens digit of y?
2
Let z = 840 - 375. What is the units digit of z?
5
Let x = 843 - 9. What is the units digit of x?
4
Let t = -6 + 13. Suppose -t*u = -5*u - 6. Suppose 14 = u*r - 4. What is the units digit of r?
6
Let n = 129 + 503. What is the units digit of n?
2
Let p(f) = 52*f**2 + 2*f - 11. What is the hundreds digit of p(-4)?
8
Let j = 8401 - 4789. What is the hundreds digit of j?
6
Let w(j) = -19*j + 2*j**3 - j**3 - 3 + 1 + 14*j**2. Let b be w(-16). Let y = -149 - b. What is the units digit of y?
1
Let a be (0 - 2)/(14/(-21)). Suppose -2*y = -q + 13, -105 = -2*q - a*q + 2*y. Suppose -p = -d + q, -3*p + 4 + 11 = d. What is the tens digit of d?
2
Suppose 4*q + 5*m + 80 = -473, q + 147 = -3*m. Let g = -69 - q. Suppose -4*n + 52 = 2*d, -2*d = -5*n - 7 - g. What is the tens digit of d?
3
Suppose -4*r = -91 - 517. Suppose -4*s + 8*s = -2*j + 164, 4*s - r = -5*j. What is the tens digit of s?
4
Let r(k) = 9*k + 13. Suppose 5*q + 4*b + 41 = b, 4*q + 5*b = -38. Let i(f) = -17*f - 27. Let z(d) = q*r(d) - 4*i(d). What is the tens digit of z(6)?
4
Let m be (-20)/(-15)*(-2)/(8/(-678)). Let x = m - 130. What is the units digit of x?
6
Suppose -80*g + 83*g - 1590 = 0. What is the tens digit of g?
3
Let m(x) = -19*x + 17. Let b be m(-12). Let i = -146 + b. What is the tens digit of i?
9
Let w(r) = 4*r**3 + 11*r + 12*r**2 - 5*r**3 - 11*r. Let k be w(12). Suppose 2*o - 4*o - b + 29 = k, -73 = -4*o + 3*b. What is the units digit of o?
6
What is the hundreds digit of 2/(-9) + 64630/207?
3
Let o = -2311 + 4076. What is the hundreds digit of o?
7
Let q(s) = -s**3 + 6*s**2 - 3*s + 2. Let h be q(4). Let d = h - 13. Suppose 3*g - 102 + d = 0. What is the units digit of g?
1
Let m = 14 + -24. Let g(d) be the second derivative of -d**3/6 + 3*d**2/2 + 89*d. What is the units digit of g(m)?
3
Let h be 0/((0 + -2)*-1). Suppose -4*j = 4*g - 12, -g + 7 = 3*j - h*g. What is the units digit of (-14)/3*(-9)/j?
1
Suppose -365 = -5*s - 5*t, 0 = 2*s + 2*s - 5*t - 247. What is the tens digit of s?
6
Let f = 278 + -63. What is the units digit of f?
5
Let m(h) = -7*h**2 - 8*h - 18. Let q be m(-3). What is the tens digit of ((-475)/q)/(2/6)?
2
Let h(m) = 6*m**2 + 5*m - 16. What is the tens digit of h(12)?
0
Let c(k) = 5*k**2 + 4*k - 10. Suppose -5*z - 4 - 1 = 0, 0 = 3*q - 4*z - 10. What is the units digit of c(q)?
8
Suppose -5*h = -5*s + 12170, -6*s + 5*h = -2*s - 9740. What is the hundreds digit of s?
4
Suppose -29*s + 13854 = -10303. What is the units digit of s?
3
Suppose -3*i = 2*f - 5089, -2*i - 5*f = -i - 1692. What is the thousands digit of i?
1
Suppose 7*s - 475 = 50. What is the tens digit of s?
7
Suppose 3*p = 2795 + 529. What is the hundreds digit of p?
1
Let b be ((-51)/12 - -4)*-76. Let k = 22 - b. Suppose -x - 124 = -k*x. What is the units digit of x?
2
Suppose -5*u + 7272 = 3*c, 0 = -3*c + 60*u - 61*u + 7260. What is the thousands digit of c?
2
Let v = 57 + -9. Let f(w) = -6*w + 28. Let h be f(10). Let j = h + v. What is the tens digit of j?
1
Suppose -2*s = -3*x + 533, -2*s - 2*x - 428 = 120. What is the tens digit of s/(-5) + 8/10?
5
Suppose 3513 = 2*l + l. What is the thousands digit of l?
1
Suppose -5*z = -2*y - 628 + 129, -5*y + 4*z = 1273. Let c = 477 + y. What is the tens digit of c?
2
Suppose -3*t - 25 = -t + s, 2*s - 20 = 3*t. Let u be (-2)/t + (-14)/(-5). Suppose 60 = 4*c + u*j + j, 3*c + 4*j - 41 = 0. What is the tens digit of c?
1
Suppose -5*w - 2*n + 217 = 0, w = -8*n + 4*n + 47. What is the tens digit of w?
4
Let a = 69 - 129. Let b = 295 + -293. What is the tens digit of 2 - (a - b/(-2))?
6
Let z(c) = 9*c**3 + 2*c**2 - c - 4. Let a be z(-2). Let w = 114 + a. What is the tens digit of w?
4
Suppose 30*s = 20548 - 2098. What is the hundreds digit of s?
6
Suppose -5*d + 25 = 0, -4*w + 5*d + 155 = -0*d. What is the tens digit of (-1093)/(-15) + 6/w?
7
Suppose -7*v - 239 = -1030. Let l = -76 + v. What is the units digit of l?
7
Let z(l) = 101 - l - 47 - 47. What is the units digit of z(-10)?
7
Let t = -93 - 169. Let q = 17 - t. What is the units digit of q?
9
Suppose -13703 = -3*o + 4*w - 3*w, -w = -5*o + 22841. What is the units digit of o?
9
Let n = 374 - 122. Suppose -2*i + n = -3*g, g + 252 = 2*i + 5*g. What is the units digit of i?
6
Suppose 72 = -0*y + y. Suppose 27*v = 122 + 148. Suppose 8*h = v*h - y. What is the tens digit of h?
3
Let b(x) = 4*x**2 - 13*x + 77. What is the units digit of b(16)?
3
Let t(h) = -h + 3 + 0*h - 4*h**3 + 0 - 4. Let a be t(-1). Suppose 0 = a*o + 8*u - 3*u - 86, 3*o - 4*u - 49 = 0. What is the units digit of o?
9
Let x(d) = -d**3 - 11*d**2 - 6*d - 5. Let q be x(-10). Let s = -24 - q. What is the tens digit of -2 + -1 + (s - -2)?
2
Suppose 0 = -6*f + 5*f + 26. Let r = f - 8. What is the tens digit of 8/36*3*r?
1
Let v = 26 - 23. Suppose 5*d = -5*x + 500, -d - v*x - 116 = -2*d. What is the tens digit of 63/28*d/3?
7
Let t be (-1 + 1/(-2))*-2. Suppose -t*k + 6 = -k. What is the units digit of (k - -13)*-3*-1?
8
Suppose 0 = 40*m - 37*m - 3. What is the tens digit of 2*1 - (-13 + (m - 2))?
1
Suppose -8*c = -2*c + 414. Let w = c - -221. What is the units digit of w?
2
Let y(h) = -2*h**3 - 2*h + 0*h - 16 + 79 + h**3. What is the tens digit of y(0)?
6
Let y(c) = -389*c - 21. What is the units digit of y(-3)?
6
Let n = -129 + 998. What is the hundreds digit of n?
8
Let c(p) = -2*p + 47. Let b be c(21). Suppose 570 - 80 = b*y. What is the units digit of y?
8
Let k(y) = 9*y + 1. Let w be k(1). Let m(p) = -51*p - 151. Let h be m(-3). Suppose h*f - 34 = -w. What is the tens digit of f?
1
Let w(z) = 8 - 17 - 7*z + 2*z**2 - z**2. What is the units digit of w(11)?
5
Suppose -5*k = 9*d - 5*d - 121, 3*d + 4*k - 90 = 0. Let x(m) = m**2 + m - 7. Let y be x(5). Let w = d + y. What is the units digit of w?
7
Suppose 0 = 5*i + 5*t + 30, 3*t + 0*t + 23 = -4*i. What is the tens digit of 4/26 + i/((-520)/4664)?
4
Let b(j) = 4*j**2 + 10*j - 6. Let z be -5*1/(25/45). What is the 